{"id":784,"date":"2016-04-19T18:44:58","date_gmt":"2016-04-19T18:44:58","guid":{"rendered":"http:\/\/dione.thememove.com\/?page_id=784"},"modified":"2017-04-27T12:42:26","modified_gmt":"2017-04-27T10:42:26","slug":"career","status":"publish","type":"page","link":"http:\/\/buege-immobilien.de\/?page_id=784","title":{"rendered":"\u00dcber uns"},"content":{"rendered":"<p>[vc_row full_width=&#8220;stretch_row&#8220; bg_type=&#8220;image&#8220; bg_image_new=&#8220;785&#8243; enable_overlay=&#8220;enable_overlay_value&#8220; overlay_style=&#8220;ndBg&#8220; overlay_opacity=&#8220;90&#8243; css=&#8220;.vc_custom_1461091692743{margin-bottom: 0px !important;padding-top: 220px !important;padding-bottom: 220px !important;}&#8220;][vc_column][vc_custom_heading text=&#8220;B\u00fcge Immobilien &#8211; Ihre Hausverwaltung.&#8220; font_container=&#8220;tag:h1|font_size:60px|text_align:center|color:%23ffffff|line_height:1em&#8220; use_theme_fonts=&#8220;yes&#8220;][\/vc_column][\/vc_row][vc_row full_width=&#8220;stretch_row&#8220; css=&#8220;.vc_custom_1461091750951{margin-bottom: 0px !important;padding-top: 50px !important;padding-bottom: 50px !important;}&#8220;][vc_column width=&#8220;2\/3&#8243;][vc_column_text]<\/p>\n<h3 id=\"title-style-5901c6c00c2d0\" class=\"cta-title\">Wir k\u00fcmmern uns um Ihre Immobilie als w\u00e4re es unsere eigene.<\/h3>\n<p>&nbsp;<\/p>\n<p>Die Firma B\u00fcge Immobilien ist ein junges und aufstrebendes Unternehmen mit Sitz in Frankfurt am Main. Wir haben uns auf die Mietshaus- und WEG-Verwaltung spezialisiert. T\u00e4tig sind wir in Frankfurt am Main und Umgebung, Wiesbaden und Leipzig. Wir sind ein gut eingespieltes Team und jederzeit f\u00fcr Sie da, um Sie zielsicher zum Erfolg zu f\u00fchren. F\u00fcr uns ist es sehr wichtig unseren Kunden zuzuh\u00f6ren und stets zu wissen, was deren Bed\u00fcrfnisse sind. Deshalb pflegen wir den pers\u00f6nlichen Kontakt und sind immer f\u00fcr unsere Kunden erreichbar.[\/vc_column_text][\/vc_column][vc_column width=&#8220;1\/3&#8243;][list style=&#8220;style3&#8243;]<\/p>\n<ul>\n<li>Mietverwaltung<\/li>\n<li>WEG-Verwaltung<\/li>\n<li>Abrechnungsservice<\/li>\n<\/ul>\n<p>[\/list][\/vc_column][\/vc_row][vc_row full_width=&#8220;stretch_row&#8220; css=&#8220;.vc_custom_1461091745842{margin-bottom: 0px !important;padding-top: 50px !important;padding-bottom: 50px !important;background-color: #f4f4f4 !important;}&#8220;][vc_column width=&#8220;2\/3&#8243;][vc_column_text]<\/p>\n<h3 id=\"title-style-5901c6c00c2d0\" class=\"cta-title\">Firmengeschichte<\/h3>\n<p>&nbsp;<\/p>\n<p>Das Unternehmen Gerster &amp; B\u00fcge Immobilien wurde 2008 von Maximilian B\u00fcge und Marcel Gerster in Bad Homburg gegr\u00fcndet. Damals umfasste das Leistungsspektrum noch die Verwaltung von Liegenschaften, die Vermietung und den Verkauf von Immobilien, sowie einen eigenen Hausmeisterservice.<\/p>\n<p>Seit 2010 firmiert das Unternehmen nur noch mit dem Namen B\u00fcge Immobilien. Mittlerweile besch\u00e4ftigt das Unternehmen 2 festangestellte Mitarbeiter.<\/p>\n<p>Seit Beginn konnte der Kundenstamm kontinuierlich erweitert werden, sodass man 2016 in ein gr\u00f6\u00dferes B\u00fcro in Frankfurt am Main umziehen musste. Das Unternehmen hat sich seit 2010 auf die Miet- und WEG-Verwaltung spezialisiert.[\/vc_column_text][\/vc_column][vc_column width=&#8220;1\/3&#8243;][\/vc_column][\/vc_row][vc_row][vc_column][vc_column_text]<\/p>\n<h4 style=\"text-align: center;\">Wir haben Ihr Interesse geweckt?<\/h4>\n<p style=\"text-align: center;\">Dann freuen wir uns auf Ihre Kontaktaufnahme.<\/p>\n<p>[\/vc_column_text][contact-form-7 id=&#8220;5&#8243;][\/vc_column][\/vc_row]<\/p>\n","protected":false},"excerpt":{"rendered":"<p>[vc_row full_width=&#8220;stretch_row&#8220; bg_type=&#8220;image&#8220; bg_image_new=&#8220;785&#8243; enable_overlay=&#8220;enable_overlay_value&#8220; overlay_style=&#8220;ndBg&#8220; overlay_opacity=&#8220;90&#8243; css=&#8220;.vc_custom_1461091692743{margin-bottom: 0px !important;padding-top: 220px !important;padding-bottom: 220px !important;}&#8220;][vc_column][vc_custom_heading text=&#8220;B\u00fcge Immobilien &#8211; Ihre Hausverwaltung.&#8220; font_container=&#8220;tag:h1|font_size:60px|text_align:center|color:%23ffffff|line_height:1em&#8220; use_theme_fonts=&#8220;yes&#8220;][\/vc_column][\/vc_row][vc_row full_width=&#8220;stretch_row&#8220; css=&#8220;.vc_custom_1461091750951{margin-bottom: 0px !important;padding-top: 50px !important;padding-bottom: 50px !important;}&#8220;][vc_column width=&#8220;2\/3&#8243;][vc_column_text] Wir k\u00fcmmern uns um Ihre Immobilie als w\u00e4re es unsere eigene. &nbsp; Die Firma B\u00fcge Immobilien ist ein junges und aufstrebendes Unternehmen mit Sitz in [&hellip;]<\/p>\n","protected":false},"author":1,"featured_media":0,"parent":0,"menu_order":0,"comment_status":"closed","ping_status":"closed","template":"","meta":[],"_links":{"self":[{"href":"http:\/\/buege-immobilien.de\/index.php?rest_route=\/wp\/v2\/pages\/784"}],"collection":[{"href":"http:\/\/buege-immobilien.de\/index.php?rest_route=\/wp\/v2\/pages"}],"about":[{"href":"http:\/\/buege-immobilien.de\/index.php?rest_route=\/wp\/v2\/types\/page"}],"author":[{"embeddable":true,"href":"http:\/\/buege-immobilien.de\/index.php?rest_route=\/wp\/v2\/users\/1"}],"replies":[{"embeddable":true,"href":"http:\/\/buege-immobilien.de\/index.php?rest_route=%2Fwp%2Fv2%2Fcomments&post=784"}],"version-history":[{"count":4,"href":"http:\/\/buege-immobilien.de\/index.php?rest_route=\/wp\/v2\/pages\/784\/revisions"}],"predecessor-version":[{"id":3311,"href":"http:\/\/buege-immobilien.de\/index.php?rest_route=\/wp\/v2\/pages\/784\/revisions\/3311"}],"wp:attachment":[{"href":"http:\/\/buege-immobilien.de\/index.php?rest_route=%2Fwp%2Fv2%2Fmedia&parent=784"}],"curies":[{"name":"wp","href":"https:\/\/api.w.org\/{rel}","templated":true}]}}